divisor of u and a.
9
Suppose 4*l = -0 + 4. Let o be (l/3)/((-9)/(-297)). Suppose o = 2*k + 1. What is the highest common divisor of 35 and k?
5
Suppose -2*n + 256 = 2*n. Let o = n - 34. Let j be 4/10 - (-228)/o. What is the greatest common divisor of 16 and j?
8
Suppose -2*l = -4*m - 232, -2*l + 209 = -m - 11. Calculate the highest common divisor of 900 and l.
36
Let m(c) = 1405 - 3*c**2 + 5*c**3 + 5*c - 15*c**3 - 1388. Let r be m(-3). What is the greatest common divisor of r and 10?
5
Let a = -53 + 145. Let c = 39 + a. Suppose 13*s - 64 = c. Calculate the greatest common factor of 10 and s.
5
Let y = 28421 - 28325. Calculate the greatest common factor of y and 18336.
96
Let g = 20 - 11. Suppose -5*t + 52 = b, 5*b + 3*t - 5*t - 260 = 0. Let m = 88 - b. What is the highest common divisor of m and g?
9
Suppose -u - 18 = -27. Let t(z) = -10*z**2 + 93*z - 19. Let m be t(u). What is the highest common factor of 232 and m?
8
Let k(x) = x**3 + 5*x**2 + x + 15. Suppose 0 = -81*b + 78*b + 15. Let t be k(b). Calculate the highest common divisor of t and 30.
30
Let g be (2301/(-5))/(129/(-2795)). Calculate the highest common divisor of g and 59.
59
Let x be (-4 + 56/24)*6. Let b be (-5)/x - (-3870)/12. Calculate the greatest common divisor of 57 and b.
19
Let v be (9 - (22 - 18)) + 30/(-4)*-12. What is the highest common divisor of v and 20235?
95
Let p be (-3 + 7)/(-2 - -3). Suppose -3*k = 3*g - 45, 2 = -p*g + k + 62. Suppose 0 = -8*u + 207 - g. Calculate the greatest common factor of u and 4.
4
Let h = 669 - 613. Let a = h - -505. Calculate the greatest common factor of 51 and a.
51
Let a be ((-5)/(25/21390))/(25/5 + -6). What is the highest common divisor of 310 and a?
62
Let m = 106 - 6. Suppose 2097 + 36287 = 313*i - 741. Calculate the greatest common divisor of m and i.
25
Suppose -6*s + 3777 = 3*b - 11*s, -3*b + 3786 = -2*s. What is the highest common factor of 79 and b?
79
Let v be ((-35)/(-7))/(((-16)/4)/(-172)). Let g = v + 50. Calculate the highest common factor of g and 106.
53
Suppose 0 = -11*y + 3*y - 8. Let n be 622/(-4)*-2 - (0 + y). Calculate the greatest common divisor of n and 48.
24
Suppose -22*h = -1176 - 13124. Let o be (-9)/(-2) - (-1)/(-2). Let v be (-1)/o + h/40. What is the greatest common factor of v and 48?
16
Suppose 40*x - 34*x = 696. Let i = x + -113. Suppose 3*q - i = 2*q - 2*p, 0 = q - p - 18. Calculate the highest common factor of q and 104.
13
Let x(w) = w**2 + 19*w + 65. Let k be x(-15). Suppose 4*d - 111 = -4*u + 121, -2*u + k*d = -102. What is the greatest common factor of u and 182?
14
Let d = -7766 + 7979. Calculate the greatest common factor of 4544 and d.
71
Let s(h) = 286*h - 2 + 13*h**3 - 6*h**2 - 573*h + 290*h. Let y be s(2). What is the greatest common factor of y and 36?
12
Let d = -44 + 44. Suppose -2*z = -d*z - 12. Suppose 5*a - 2*o + z*o = 29, 4*a + 4*o = 20. Calculate the greatest common factor of 18 and a.
9
Let m = 2995 - 2803. Calculate the greatest common factor of m and 72.
24
Let h(m) be the second derivative of -5*m**4/6 + 16*m**3 + 8*m**2 + 82*m - 1. Let j be h(9). What is the greatest common divisor of j and 10?
10
Suppose 2*l + 32 = 6*l. Let v(d) = d**2 - 8*d - 10. Let m be v(l). Let h = -7 - m. What is the highest common divisor of h and 3?
3
Let g(i) = i**2 - 2*i - 11. Let b be g(5). Let p be 0 + 94/b - (-38)/76. What is the greatest common factor of 228 and p?
12
Let x be 4 + (78/6 - (0 + 1)). Let g be (-129)/(-4) - (-2 + 36/x). Calculate the greatest common divisor of g and 32.
32
Suppose 6*w = w - m + 216, w + m = 40. Let q = w - -868. What is the highest common divisor of q and 48?
48
Let z be 1/(-4)*-4*2/1. Let d = -7076 + 7084. What is the greatest common divisor of d and z?
2
Let c(t) = t - 8. Let l be c(8). Suppose g = -l*g + 104. Let x(f) = -f**2 + 10*f + 109. Let b be x(-6). What is the highest common divisor of g and b?
13
Let b(p) = p**3 + p**2 - 5*p - 3. Let d(i) = i**3 - 9*i**2 - 37*i + 15. Let c be d(12). Let m be b(c). What is the greatest common factor of m and 12?
6
Suppose y + 5*t = 18, 3*t + 33 + 55 = 7*y. What is the greatest common divisor of y and 36959?
13
Let n be (-1848)/(-6) - (-30)/5. Let m = 319 - n. Calculate the highest common divisor of 65 and m.
5
Let u be (-14)/(14/(-10) - -1). Let t be 2/18 - 8976/108. Let h = t - -90. What is the highest common factor of h and u?
7
Let i be (-7)/(-2) - -9*7/(-126). Let n be (-18 + i)*(-3)/5. Calculate the greatest common divisor of n and 18.
9
Let x be (6/(-9))/((-4)/3) - (-1290)/60. What is the highest common factor of 3245 and x?
11
Let d(w) = -w**3 + 9*w**2 + 42. Let l be d(7). Calculate the highest common factor of 6020 and l.
140
Let j be 5/2*104/10. Let t = -21655 + 21681. What is the highest common divisor of j and t?
26
Suppose 364*l - 367*l + 15 = 0. Suppose 4*d + 2*j = 3278, 0 = -36*d + 33*d + l*j + 2426. Calculate the highest common divisor of 19 and d.
19
Let q(w) = 4*w**2 - 14*w - 6. Let g be q(4). Let j be g/20 - 4390/(-100). What is the highest common divisor of j and 143?
11
Let n(g) = 20*g + 237. Let i be n(-19). Let r = i - -279. What is the highest common divisor of 8 and r?
8
Let h = 260 - 288. Let w be (h - (-1 - -1))/((-150)/375). Calculate the greatest common factor of 10 and w.
10
Suppose 45 = 10*t + 5. Suppose 0*g + g - 5 = -v, 2*g = t*v + 4. What is the highest common factor of 5 and g?
1
Let v be (216/(-16))/1*(-2336)/6. Calculate the highest common divisor of 9 and v.
9
Let f = 120 + 8. Let c(i) = 727*i - 3619. Let k be c(5). Calculate the greatest common factor of f and k.
16
Let p(x) = x**3 + 6*x**2 + 3*x. Let g be p(-5). Suppose 11*j = 8*j - 3. Let c(f) = 4*f + 14. Let n be c(j). Calculate the highest common divisor of g and n.
10
Let o(m) = -m**3 - 13*m**2 - 16*m + 5. Suppose 0 = 3*b + 22 + 17. Let g be o(b). Calculate the highest common divisor of g and 71.
71
Let k = 107 - 103. Suppose -k*x + 17*v = 14*v - 324, 4*x - 4*v - 324 = 0. Calculate the greatest common divisor of 27 and x.
27
Suppose 2*k = -49 - 5. Let s = 31 + k. Let j = -319 + 325. Calculate the greatest common divisor of j and s.
2
Let g(c) = 5*c**2 + 27*c - 92. Let q be g(-8). What is the greatest common factor of 64 and q?
4
Let t be ((-468)/65)/(0 - (-6)/(-20)). Let r be 3/t + 18555/40. Calculate the highest common factor of 29 and r.
29
Suppose 2*u + u - 9 = 3*a, -4*a - 10 = -2*u. Let g be 3/a*(-46 + 32). What is the greatest common divisor of g and 105?
21
Suppose 20*p + 2743 = 6*p + 2869. What is the greatest common factor of 747 and p?
9
Let j be -13*(-4)/104*2 + 11. Let i be 595/25 - 2/(-10). What is the highest common factor of i and j?
12
Suppose 0 = -2*k + 3*k - 5. Suppose -10*g + 4*w + 142 = -k*g, g - 38 = -4*w. Calculate the greatest common divisor of g and 255.
15
Suppose 3*x - 65*j = -61*j + 926, -2*x - j + 643 = 0. What is the greatest common factor of x and 22737?
159
Let b(u) = u**3 - 7*u**2 + 24*u - 343. Let l be b(11). Let o = -23 - -38. Calculate the highest common factor of o and l.
15
Let b = 26 + -17. Let t be (b/(-6))/((-1)/34). What is the greatest common factor of 85 and t?
17
Let y(g) = -g + 10. Let s be y(5). Suppose s*c - c = -2*c. Let x(t) = -2*t + 14. Let a be x(c). Calculate the greatest common divisor of a and 98.
14
Let g = 17089 - 13757. What is the highest common factor of g and 272?
68
Suppose y = 5*u + 18, -5*y - 30*u + 26*u + 32 = 0. Suppose y*t + 41 = 297. Suppose s - 41 = 23. What is the greatest common factor of t and s?
32
Suppose -72 - 38 = -o. Let s = o + -106. What is the highest common factor of 28 and s?
4
Let f(s) = 1013*s**2 - 51*s + 97. Let j be f(2). Calculate the greatest common factor of 57 and j.
57
Let h be ((-13)/4)/((-2)/(-8)*-1). Let a = h + -5. Suppose 5*b + 2 = -a, -3*d + 95 = -4*b. What is the greatest common divisor of d and 319?
29
Let j = 989 - 629. Let m be (-4)/((4/2)/(-1)). Suppose j = a + m*a. What is the greatest common factor of 15 and a?
15
Let o = 8 + 16. Let n(l) = l**2 - 4*l - 2. Let m be n(-3). Suppose 36 = -18*x + m*x. Calculate the highest common divisor of o and x.
12
Suppose 0*p - 11*p + 1060 = 895. Let w(l) = l**3 - 9*l**2 + 10*l - 3. Let n be w(8). Let k be (-4)/6*-3 + n. Calculate the greatest common divisor of p and k.
15
Suppose 450*f - 4